 Let f be 1/(c/(-72)*4). What is the highest common factor of 6 and f?
3
Let j(a) = -a**3 + 12*a**2 + 29*a - 197. Let c be j(11). What is the highest common divisor of 3483 and c?
81
Suppose k = -93 - 168. Let w = k - -288. What is the highest common factor of 18 and w?
9
Let o(a) = -10*a**3 + 79*a**2 - 4*a - 12. Let m be o(6). What is the highest common factor of m and 8?
8
Let q be 15/(-35) + 20/14. Let a be (81/8 - q) + 23/(-184). Calculate the highest common divisor of a and 234.
9
Let i(s) = 14*s**2 + 2*s - 1. Let u be i(1). Let q(z) = 21*z + 3. Let v be q(1). Suppose 36 - v = 2*r. Calculate the highest common divisor of u and r.
3
Suppose 5*r - 6*r - 182 = 0. Let w be 4 - (r - (-1 + 2)). Calculate the greatest common factor of 17 and w.
17
Suppose -18*d = -0*d - 72. Suppose r - 402 = -d*f, 3*f - 393 + 97 = 2*r. Calculate the greatest common divisor of f and 20.
20
Let h(s) = -s**2 - 7*s - 1. Let t be h(-5). Let c = -269 + 309. Suppose c*m - 49*m = -648. Calculate the highest common divisor of t and m.
9
Let n be ((-16)/(-56) - 38/(-14)) + -3. Let z be (-65 - -69) + (n - 1)*-1. Suppose -z*t = -145 + 10. Calculate the greatest common factor of t and 243.
27
Suppose -6*c + 4*c = -1238. Let a be -6*(3 + -7)/12. Suppose 0 = -a*n - n + 5*b + 626, -2*b = 3*n - c. Calculate the highest common factor of n and 23.
23
Let k be (1737/(-27))/((-7)/(-42)). Let i be 5/((-5)/k) - (40 + -41). What is the greatest common factor of 43 and i?
43
Let j be 5498/5 - 100/(-250). Calculate the greatest common factor of j and 2420.
220
Let a = -19845 + 19859. Calculate the highest common factor of a and 8267.
7
Let w = -80 - -233. Suppose 19*y - 177 = -p + 14*y, -w = -p + 3*y. Calculate the highest common factor of 216 and p.
54
Suppose 4387 = 77*r + 1307. Suppose -2*u = -0*c - c + 21, 0 = 4*u + c + 39. Let x be (-6)/(-2) + u/(-5). Calculate the greatest common factor of r and x.
5
Let q = 103750 - 53107. What is the greatest common divisor of 153 and q?
153
Let w = 57 - -144. Let k = 248 - 245. What is the highest common divisor of w and k?
3
Suppose -6650 = 17*g + 3278. Let m = 602 + g. What is the greatest common factor of 42 and m?
6
Let s(z) = -z + 78. Let k be (18/(-10))/((-11)/(-165)). Let n be s(k). What is the greatest common divisor of n and 35?
35
Suppose 20*p - 389*p = -70535 - 9169. What is the greatest common divisor of p and 6?
6
Let b(z) = -30*z + 377. Suppose 2*q = -3*n + 25, -4*n + 43*q = 41*q - 52. Let m be b(n). What is the highest common divisor of m and 893?
47
Let c be 12*12/(-1080) + 996/45. Let t(v) = 8*v**2 + 2*v - v**3 - 5*v**2 + 5*v**2 + 4. Let k be t(6). What is the greatest common divisor of k and c?
22
Let t(r) = 433*r + 1831. Let h be t(-4). Calculate the greatest common factor of 979 and h.
11
Let z = 6 + -1. Let h(a) be the second derivative of -a**4/12 + 7*a**3/6 - a**2 - 30*a. Let c be h(z). Calculate the highest common divisor of c and 2.
2
Let c(o) = 11*o**2 - 5*o + 6. Let l be c(6). Suppose -18*q = 802 + 570 - 1588. Calculate the greatest common factor of q and l.
12
Suppose 5*n + 3*t = 54, n + 23*t - 22*t = 12. What is the highest common factor of n and 2304?
9
Let j(h) = -17*h - 14. Let r be j(-21). Let g(l) = l**3 + 12*l**2 + 22*l - 16. Let t be g(-5). What is the highest common divisor of r and t?
49
Let x = 20662 + -20212. Calculate the greatest common divisor of 6150 and x.
150
Suppose -210*y - 270 = -4*g - 208*y, -g + 2*y = -69. Suppose m = -2*m + 2211. What is the greatest common divisor of m and g?
67
Let u(z) = -z - 8. Let p be u(-23). Let j = -4 - 0. Let y(i) = -3*i - 6. Let a be y(j). Calculate the highest common divisor of p and a.
3
Let f be -5 + (-1)/((-3)/9) + -1. Let k be 8*f/(-12) - (-48 + 1). What is the highest common divisor of 14 and k?
7
Suppose 4*r - 5*r = 1, 3*j - 5*r - 44 = 0. Suppose j*a + 10*a = 299. Calculate the greatest common factor of a and 208.
13
Let z(n) = n**2 - 53*n + 329. Let c be z(0). Suppose -611 = -5*d - 8*d. What is the highest common divisor of c and d?
47
Let r = 16729 + -12670. Calculate the greatest common factor of 36 and r.
9
Let g(x) = -x**2 - 11*x - 13. Let k be g(-8). Let c = -1 + k. Suppose -2*z + c = 0, -2*p + 17 = p - 5*z. What is the greatest common divisor of p and 14?
14
Let g = -122 - -121. Let n(t) = t**2 - 5*t - 3. Let o be n(g). Suppose -2*k = 3*z - o*k - 39, 0 = 3*k - 9. What is the greatest common divisor of z and 14?
14
Suppose -4*v = -m - 29891, 36752 = 4*v - 2*m + 6862. Calculate the highest common factor of v and 159.
159
Let a = 57120 + -29134. Calculate the greatest common divisor of 14 and a.
14
Let f(r) = 6*r**3 - 5*r**2 - 5*r - 7. Let x be f(-3). Let b = -103 - x. Calculate the highest common factor of 12 and b.
12
Let n(m) = 9*m**2 + 6*m + 3. Let l be -2 - (-6 - (-10)/2). Let s be n(l). What is the greatest common factor of 114 and s?
6
Suppose -1148 = -4*q + 156. Let k(b) = -55 + q*b + 303*b - 615*b + b**2. Let m be k(-18). Calculate the highest common divisor of m and 17.
17
Let g(w) = -134*w - 1698. Let l be g(-13). What is the highest common factor of 4 and l?
4
Let c be 0 + -2 + -4 + 25. Suppose 2 = 4*g - 14. Let z be ((-6)/g)/((-7)/(2660/6)). What is the greatest common factor of c and z?
19
Suppose -h + 5332 = 103*h - 21708. What is the highest common divisor of 23140 and h?
260
Suppose 0 = 14*i + i - 4890. Let c be i - (-2)/(-2) - (-4)/(-4). Calculate the greatest common factor of c and 12.
12
Let a(k) = 43*k**2 + 95*k - 486. Let p be a(6). What is the greatest common divisor of p and 24?
24
Let c = 20701 - 20634. What is the highest common factor of c and 2?
1
Let n be 1 - 4 - (-40)/(25/(-5)). Let x(d) = 2*d**2 + 20*d - 6. Let r be x(n). Suppose 3*b - 2*b = 32. What is the highest common factor of b and r?
16
Suppose -65*k = -66*k + 84. Let x(q) = 2*q + 56. Let u be x(-22). Calculate the highest common factor of u and k.
12
Suppose 143 = 9*a - 37. Suppose -4*l - 3*i + 23 = 0, -l - i = -4 - 2. Calculate the greatest common divisor of l and a.
5
Let b(t) = -11*t**3 - 2*t**2 - 5*t - 4. Let k be b(-1). Suppose k - 4 = -6*h. Let c be -5 + 7 + (h - -53). What is the greatest common factor of c and 6?
6
Suppose -2081*g = -2067*g - 140014. Calculate the greatest common factor of 137 and g.
137
Let y be (2/4)/((-7)/14) + 545. Let u be -1*(-19 - 1/(1/(-2))). Calculate the greatest common divisor of y and u.
17
Let v(l) = -13*l**3 - 2*l**2 - l. Let q be v(-2). Let g(d) = 2*d**3 - 11*d**2 - 72*d + 410. Let t be g(6). What is the highest common divisor of t and q?
14
Let p = 51 - 51. Let v be 2 - ((0 - p) + -2). Suppose 6*z + v*k = 3*z + 14, 0 = -3*k - 12. What is the highest common factor of 110 and z?
10
Let m be ((-12)/8)/((-7)/4 - -1). Suppose 11 = -m*d + 2*c + c, -3*d = 5*c + 45. Let f be (-2)/d - (-29)/5. What is the greatest common factor of 2 and f?
2
Suppose 3*a - 130 = 2*z, -153 - 25 = -4*a + 5*z. Suppose 2*r = 3*r - 2*t - a, r - 42 = 4*t. What is the greatest common divisor of 63 and r?
21
Suppose 3*j = 6, 3*j + 66 - 8 = p. Suppose -11*o = -4*o - 28. Suppose -4*k = -k - v - 53, -o*k + 84 = -4*v. What is the highest common divisor of k and p?
16
Let s = 8302 + -8287. What is the greatest common divisor of 219 and s?
3
Suppose -2*i + t + 4*t + 14 = 0, i - 3*t = 6. Let o be (51/i)/(6/96*2). What is the highest common factor of o and 34?
34
Let h(z) be the second derivative of z**5/20 - z**4/2 - z**3/2 - 5*z**2/2 + 7*z. Let f be h(-3). Let q = f + 104. What is the highest common factor of 27 and q?
27
Suppose -247*n + 113*n + 137216 = 0. Calculate the greatest common divisor of 640 and n.
128
Let q(u) = u**3 - 44*u**2 + 44*u + 1. Let x be q(1). Suppose 3*o = 4*l + 8, 2*l - 6*l + 8 = -o. What is the highest common factor of o and x?
2
Let h = 15598 - 15397. What is the greatest common factor of h and 1943?
67
Let c(g) = g**3 + 3*g**2 + 23*g - 22. Let x be c(22). What is the highest common divisor of x and 13?
13
Let f = 2454 - 937. Calculate the greatest common divisor of 205 and f.
41
Suppose -v + 270 = 381*p - 380*p, -4*v + 4*p + 1080 = 0. Calculate the highest common factor of v and 11160.
90
Let s be ((-4)/(-5))/((-6)/(-120)). Let m be 3*4/s*36. Let z = 438 + -141. Calculate the greatest common divisor of m and z.
27
Let j = -14371 - -18361